 the highest common factor of 75 and z.
15
Suppose m + k - 3 = -3*k, -4*m + 2*k + 30 = 0. Suppose m = 3*u + 1, -5*i + 32 = u. What is the greatest common divisor of 6 and i?
6
Let c be (945/28)/3 - (-2)/(-8). What is the highest common divisor of 44 and c?
11
Suppose 6*o - 43 = o - 4*w, 2*o - 16 = -2*w. What is the greatest common divisor of o and 55?
11
Suppose 9*h - 70 = 65. What is the highest common factor of 6 and h?
3
Let v be (-2 + 29)/(-1)*-2. What is the highest common factor of 36 and v?
18
Let c = 48 - 33. Let v = -6 - -10. Suppose -321 = -3*q + 4*z + 154, -4*z + 680 = v*q. What is the highest common factor of q and c?
15
Let x = -4 - -16. What is the highest common divisor of 24 and x?
12
Let z be -1 - (-1)/(1/6). Suppose -123 = -5*v + 2. Calculate the highest common factor of v and z.
5
Let g be 106/8 - 9/(-12). What is the highest common divisor of g and 112?
14
Suppose 2*s + 60 = 3*q - 45, -4*q = -2*s - 140. Let k be (5/(-4) - -1) + 29/4. What is the greatest common factor of k and q?
7
Let x(z) = 6*z**2 - 2*z. Let y be x(2). Let l = 4 - 16. Let j = y + l. What is the greatest common factor of j and 16?
8
Suppose 5*h - 19 = g, h = -g + 5 - 0. Suppose -h*r + 189 = -r. Calculate the highest common factor of 9 and r.
9
Let j be ((-4)/10)/(1/(-10)). Let g be (-12)/(-15)*10/j. What is the highest common divisor of g and 3?
1
Suppose 2*l - 4 = -0. Let r(y) = y + 3 + l*y - y - y. Let u be r(7). Calculate the greatest common factor of 2 and u.
2
Suppose -166*i + 178*i - 3300 = 0. Let k = -15 + 40. What is the greatest common divisor of i and k?
25
Suppose 4*y + 16 = 2*k + 3*k, 5*k - 3*y = 12. Suppose 0 = -k*g - g + 4. Let u be 4 - 1 - 25/(-25). Calculate the highest common divisor of g and u.
4
Let h(t) = t**2 + 114. Let i be h(0). Let b = i + -51. Calculate the highest common factor of b and 7.
7
Suppose 5*k - 181 - 59 = 0. Suppose s + k = 4*s + 2*g, s + 3*g = 16. Suppose 19 + 621 = 5*f. Calculate the highest common divisor of f and s.
16
Let i be (-600)/(-3) + (-4 - -2). What is the greatest common divisor of i and 22?
22
Let b be 3/(9/2)*42. Let s be ((-14)/21)/(2/(-21)). Calculate the greatest common factor of b and s.
7
Let t(k) = 2*k - 4. Let a be t(6). Let f be a/(-6)*(12 - 3). Let n be -4*(f + 0/1). Calculate the greatest common factor of 6 and n.
6
Suppose -2*n = -4*k - 6*n + 8, -3*k + 5*n = -38. Suppose 3 = -v + 2*l + l, 2*l = 4*v - 18. Suppose 2*j = v - 2. What is the greatest common divisor of k and j?
2
Let f be (-6)/(-4) - (-1)/2. Suppose 2*o - 4*g - 22 = -2*g, -o + 21 = g. What is the greatest common factor of o and f?
2
Suppose h = 3 + 12. Suppose 5*b + 63 = 3*i - 102, -b - 35 = -i. Let v be ((-12)/b)/((-2)/(-30)). What is the greatest common factor of h and v?
3
Suppose 0 = 4*v + 5*y - 13, -3*v + 4*y - 6*y = -8. Let k = 10 - v. Calculate the greatest common divisor of k and 40.
8
Let f = 8 - 6. Let y be (-1 + 2/f)/(-2). Let c = 55 - y. Calculate the greatest common divisor of 11 and c.
11
Suppose 0*u = -3*u + 3*d + 15, -d = -1. Suppose 10 = 4*z - u. Suppose z*c = c + 27. What is the highest common factor of 9 and c?
9
Suppose 1 = -b + 7. Calculate the highest common factor of 18 and b.
6
Let g(p) = -2*p**2 - 9*p + 1. Let w be g(-7). Let k = 19 + w. Let d be ((-16)/(-20))/((-2)/k). Calculate the highest common divisor of d and 6.
6
Suppose 4 = 3*s - 5. Suppose 2*h - 4 = -0. Suppose z - h = -0. What is the highest common divisor of z and s?
1
Let z be 3/(-6)*4 - -206. Suppose -4*q + 192 = 4*d, -4*q + 0*d = -2*d - z. Suppose 5*u + 0*u = q. Calculate the highest common factor of 50 and u.
10
Suppose 3*c + 143 = 2*b, -5*b + 389 = 2*c + 79. Let p be (2 + 14)*10 - 0. Calculate the highest common divisor of p and b.
32
Let b(r) = -r**3 - 3*r**2 + 4*r + 6. Let v = -14 - -10. Let a be b(v). Suppose 0 = 2*i + 2 - a. What is the highest common factor of 2 and i?
2
Let m(l) = 5*l - 1. Let u(y) = 5*y. Let j(p) = 4*m(p) - 3*u(p). Let z be j(-3). Let k = z + 29. Calculate the highest common divisor of 90 and k.
10
Suppose 0*j + 2*j - 20 = 0. Let u be 5/j + 23/2. Let t = -85 + 133. What is the highest common divisor of u and t?
12
Let n(w) = w**2 + 6*w - 7. Let s be n(-8). Let u be s/45 - 34/(-5). What is the greatest common divisor of 1 and u?
1
Suppose -5*c - 15 + 50 = 0. Let i(q) = q**3 + 3*q**2 - 5*q - 3. Let f be i(-4). Let h = f - -6. What is the greatest common divisor of h and c?
7
Let x = -8 - -18. What is the greatest common divisor of x and 10?
10
Let o(j) = 6*j**3 - j + 1. Suppose -2 = -f - 2*t, -f - 21 = f - t. Let l be (-9)/15 - f/5. Let s be o(l). What is the greatest common divisor of s and 2?
2
Let s be (0*3/(-6))/(-1). Suppose s = -c + 3 + 5. What is the greatest common divisor of c and 20?
4
Let v(n) = 15*n - 1. Let u be v(3). Suppose -4*q + u = -y, -y = 5*q - 24 - 22. Calculate the highest common divisor of 2 and q.
2
Let i(z) = -3*z - 4. Suppose 2*f = 4*t + 12, -2*f - 3 = t - 2*t. Let y be i(f). What is the highest common divisor of y and 8?
8
Let l(b) = -14*b - 7. Let n be l(-5). Calculate the highest common divisor of n and 9.
9
Let p(j) = -j**3 + 10*j**2 + 13*j - 6. Let r be p(11). What is the highest common divisor of r and 4?
4
Let f = -22 - -7. Let b be 10/f - 35/(-3). Calculate the greatest common factor of 22 and b.
11
Let t be 4/8 + (-6)/(-4). Let c(p) = p**2 - 17*p + 72. Let n be c(6). What is the greatest common factor of n and t?
2
Suppose -t + 6*t = 240. Calculate the greatest common divisor of 6 and t.
6
Let x(p) = 5*p + 29. Let c be x(-3). Calculate the greatest common factor of c and 56.
14
Let o = -12 + 20. Calculate the highest common divisor of 12 and o.
4
Let y = 76 - 70. Let s be (2/4)/1*36. What is the highest common factor of y and s?
6
Suppose 6 = j + j. Suppose -1 = -4*x - d, 0 = -5*x - 2*d - 3 + 2. Suppose -z - x = -7. What is the greatest common divisor of z and j?
3
Suppose -3*o + 48 = -o. Suppose -f + 4*f - 180 = 0. Calculate the greatest common factor of f and o.
12
Suppose -5*t - 46 = 19. Let p be -2*(t/2 + -1). Calculate the greatest common divisor of p and 5.
5
Let y = 110 - 104. What is the greatest common divisor of 8 and y?
2
Suppose 8 + 5 = v. Let r = v + -9. Suppose -30 = -3*a - 2*t, r*a - 44 = -6*t + 2*t. Calculate the greatest common divisor of a and 40.
8
Suppose 3 = -2*o - 0*o + 3*a, 8 = -3*o + a. Let l(j) = 2*j**2 - 2*j. Let f be l(o). Calculate the greatest common divisor of f and 144.
24
Let y be 0 - (-1)/(-1) - -28. Suppose 91 = 4*c + y. What is the greatest common factor of c and 4?
4
Let y(v) = -2*v - 12. Let g be y(-6). Suppose g = -c - 2*c + 810. What is the highest common factor of 30 and c?
30
Let k = 12 + -2. Calculate the highest common divisor of k and 20.
10
Let i be 9/(-24) + 1203/8. Suppose -5*r - 9 = -159. Calculate the highest common divisor of r and i.
30
Suppose -3*t = -2*q + 6*q - 644, -4*t = 3*q - 861. Calculate the highest common divisor of t and 24.
24
Let q(o) = -o**2 + o + 44. Let w be (0/(-2))/(-4 + 5). Let d be q(w). Calculate the highest common divisor of d and 4.
4
Suppose 4*j = -j + 75. Let o(v) = 2*v**2 + 5*v + 6. Let l be o(-4). Let w = -15 + l. What is the highest common divisor of w and j?
3
Suppose 5*c - s - 1339 = -134, 0 = -2*c - 5*s + 509. What is the greatest common divisor of c and 22?
22
Let z be 295/9 - 2/(-9). Let r be z/(-2)*(-4)/2. Let b(v) = v**2 + 5*v - 3. Let u be b(-6). What is the greatest common factor of r and u?
3
Let c = 119 - 117. Calculate the greatest common factor of 7 and c.
1
Let f = 217 + -340. Let i = f - -204. What is the highest common factor of i and 54?
27
Let v = 277 - 167. Calculate the greatest common divisor of 10 and v.
10
Suppose 0 = -3*x + 30. Calculate the highest common divisor of 50 and x.
10
Let d(q) = -q**3 - 3*q**2 - 5. Let m be d(-4). Calculate the highest common factor of m and 121.
11
Let k(y) = y**3 + 4*y**2 - y. Let o be k(-4). Let r be (-1)/o - (-49)/4. Calculate the highest common factor of 96 and r.
12
Let o = -2 + 10. Let d = o - 3. Calculate the highest common factor of 5 and d.
5
Let t be 0 - (0 + -155 + 0). Suppose 0 = -5*g + k + 24 + t, 2*k = -3*g + 97. Let n be 7/(1/(-2)*-1). Calculate the greatest common factor of g and n.
7
Suppose -q - 1 - 2 = 0. Let d be (1/q)/((-1)/6). Wha